2, 23, 359
List the prime factors of 652.
2, 163
What are the prime factors of 1669?
1669
List the prime factors of 738.
2, 3, 41
List the prime factors of 6596.
2, 17, 97
List the prime factors of 8340.
2, 3, 5, 139
What are the prime factors of 1174?
2, 587
What are the prime factors of 61144?
2, 7643
What are the prime factors of 13744?
2, 859
What are the prime factors of 63?
3, 7
List the prime factors of 86263.
86263
List the prime factors of 35111.
35111
List the prime factors of 846.
2, 3, 47
What are the prime factors of 8124?
2, 3, 677
What are the prime factors of 104449?
149, 701
What are the prime factors of 1764?
2, 3, 7
List the prime factors of 14400.
2, 3, 5
What are the prime factors of 649?
11, 59
List the prime factors of 1163.
1163
What are the prime factors of 979?
11, 89
List the prime factors of 1195.
5, 239
What are the prime factors of 14577?
3, 43, 113
List the prime factors of 77721.
3, 7, 3701
List the prime factors of 12565.
5, 7, 359
What are the prime factors of 26221?
13, 2017
What are the prime factors of 23523?
3, 7841
List the prime factors of 431.
431
List the prime factors of 30171.
3, 89, 113
List the prime factors of 229.
229
List the prime factors of 76016.
2, 4751
What are the prime factors of 75779?
11, 83
What are the prime factors of 337?
337
What are the prime factors of 288?
2, 3
List the prime factors of 1756.
2, 439
List the prime factors of 18611.
37, 503
List the prime factors of 46085.
5, 13, 709
List the prime factors of 2474.
2, 1237
List the prime factors of 620.
2, 5, 31
List the prime factors of 14398.
2, 23, 313
What are the prime factors of 1121?
19, 59
List the prime factors of 307.
307
List the prime factors of 4269.
3, 1423
What are the prime factors of 812?
2, 7, 29
List the prime factors of 5184.
2, 3
List the prime factors of 19464.
2, 3, 811
What are the prime factors of 5611?
31, 181
What are the prime factors of 28336?
2, 7, 11, 23
What are the prime factors of 2673?
3, 11
What are the prime factors of 5035?
5, 19, 53
List the prime factors of 9945.
3, 5, 13, 17
List the prime factors of 4616.
2, 577
What are the prime factors of 1359?
3, 151
What are the prime factors of 87006?
2, 3, 17, 853
List the prime factors of 103314.
2, 3, 67, 257
List the prime factors of 1575.
3, 5, 7
What are the prime factors of 13513?
13513
What are the prime factors of 49151?
23, 2137
List the prime factors of 4365.
3, 5, 97
What are the prime factors of 150050?
2, 5, 3001
List the prime factors of 240.
2, 3, 5
List the prime factors of 138840.
2, 3, 5, 13, 89
What are the prime factors of 849?
3, 283
What are the prime factors of 13454?
2, 7, 31
List the prime factors of 65.
5, 13
List the prime factors of 2295.
3, 5, 17
What are the prime factors of 4012?
2, 17, 59
What are the prime factors of 4440?
2, 3, 5, 37
What are the prime factors of 127?
127
List the prime factors of 3217.
3217
List the prime factors of 5139.
3, 571
List the prime factors of 4727.
29, 163
List the prime factors of 6395.
5, 1279
List the prime factors of 1009.
1009
What are the prime factors of 4462?
2, 23, 97
List the prime factors of 3326.
2, 1663
What are the prime factors of 1412?
2, 353
List the prime factors of 24173.
23, 1051
List the prime factors of 62233.
62233
List the prime factors of 112898.
2, 19, 2971
What are the prime factors of 18462?
2, 3, 17, 181
List the prime factors of 21550.
2, 5, 431
List the prime factors of 67330.
2, 5, 6733
List the prime factors of 3793.
3793
What are the prime factors of 5202?
2, 3, 17
List the prime factors of 4211.
4211
List the prime factors of 39593.
17, 137
List the prime factors of 1269.
3, 47
List the prime factors of 9903.
3, 3301
What are the prime factors of 6684?
2, 3, 557
List the prime factors of 50195.
5, 10039
What are the prime factors of 26151?
3, 23, 379
List the prime factors of 6272.
2, 7
What are the prime factors of 80261?
83, 967
List the prime factors of 2687.
2687
What are the prime factors of 1577?
19, 83
What are the prime factors of 9158?
2, 19, 241
What are the prime factors of 386?
2, 193
List the prime factors of 165833.
165833
What are the prime factors of 7848?
2, 3, 109
What are the prime factors of 528?
2, 3, 11
What are the prime factors of 15806?
2, 7, 1129
What are the prime factors of 38509?
97, 397
What are the prime factors of 29002?
2, 17, 853
What are the prime factors of 3098?
2, 1549
What are the prime factors of 1666?
2, 7, 17
List the prime factors of 61344.
2, 3, 71
List the prime factors of 952.
2, 7, 17
What are the prime factors of 6467?
29, 223
What are the prime factors of 200?
2, 5
What are the prime factors of 9465?
3, 5, 631
What are the prime factors of 6833?
6833
List the prime factors of 218.
2, 109
What are the prime factors of 14368?
2, 449
List the prime factors of 818.
2, 409
What are the prime factors of 2572?
2, 643
What are the prime factors of 20704?
2, 647
List the prime factors of 1573.
11, 13
List the prime factors of 389.
389
What are the prime factors of 6033?
3, 2011
What are the prime factors of 1401?
3, 467
List the prime factors of 6540.
2, 3, 5, 109
List the prime factors of 1139.
17, 67
What are the prime factors of 23138?
2, 23, 503
What are the prime factors of 49959?
3, 7, 13, 61
What are the prime factors of 622?
2, 311
What are the prime factors of 34623?
3, 3847
What are the prime factors of 45482?
2, 22741
What are the prime factors of 6391?
7, 11, 83
What are the prime factors of 217?
7, 31
List the prime factors of 408.
2, 3, 17
What are the prime factors of 796?
2, 199
List the prime factors of 16533.
3, 11, 167
List the prime factors of 5157.
3, 191
What are the prime factors of 24253?
79, 307
List the prime factors of 23634.
2, 3, 13, 101
What are the prime factors of 571?
571
What are the prime factors of 642?
2, 3, 107
What are the prime factors of 993?
3, 331
List the prime factors of 119341.
131, 911
What are the prime factors of 553?
7, 79
What are the prime factors of 2908?
2, 727
What are the prime factors of 8069?
8069
What are the prime factors of 2566?
2, 1283
What are the prime factors of 9489?
3, 3163
List the prime factors of 10984.
2, 1373
List the prime factors of 14138.
2, 7069
List the prime factors of 2796.
2, 3, 233
List the prime factors of 2308.
2, 577
What are the prime factors of 25875?
3, 5, 23
What are the prime factors of 3097?
19, 163
List the prime factors of 654.
2, 3, 109
List the prime factors of 1187.
1187
What are the prime factors of 11171?
11171
What are the prime factors of 3554?
2, 1777
What are the prime factors of 5896?
2, 11, 67
List the prime factors of 23947.
7, 11, 311
List the prime factors of 1272.
2, 3, 53
What are the prime factors of 894?
2, 3, 149
What are the prime factors of 28154?
2, 7, 2011
What are the prime factors of 1438?
2, 719
What are the prime factors of 622?
2, 311
List the prime factors of 134209.
103, 1303
What are the prime factors of 1993?
1993
What are the prime factors of 4141?
41, 101
What are the prime factors of 14659?
107, 137
What are the prime factors of 2701?
37, 73
What are the prime factors of 229?
229
What are the prime factors of 16925?
5, 677
What are the prime factors of 28385?
5, 7, 811
What are the prime factors of 5411?
7, 773
What are the prime factors of 208?
2, 13
List the prime factors of 5889.
3, 13, 151
What are the prime factors of 2527?
7, 19
What are the prime factors of 11074?
2, 7, 113
List the prime factors of 726.
2, 3, 11
List the prime factors of 39337.
139, 283
List the prime factors of 1488.
2, 3, 31
List the prime factors of 25047.
3, 11, 23
What are the prime factors of 18773?
18773
What are the prime factors of 8040?
2, 3, 5, 67
List the prime factors of 2159.
17, 127
List the prime factors of 3436.
2, 859
What are the prime factors of 31059?
3, 7, 17, 29
What are the prime factors of 7764?
2, 3, 647
List the prime factors of 9625.
5, 7, 11
List the prime factors of 4417.
7, 631
List the prime factors of 39149.
11, 3559
What are the prime factors of 19698?
2, 3, 7, 67
List the prime factors of 5440.
2, 5, 17
List the prime factors of 65581.
65581
What are the prime factors of 10156?
2, 2539
What are the prime factors of 2357?
2357
List the prime factors of 4858.
2, 7, 347
List 